late the greatest common factor of 62 and 527.
31
What is the highest common factor of 99 and 63?
9
Calculate the greatest common factor of 110 and 9130.
110
What is the highest common divisor of 16 and 1132?
4
What is the highest common factor of 88 and 64?
8
What is the highest common divisor of 4294 and 190?
38
Calculate the highest common factor of 3289 and 69.
23
What is the highest common divisor of 500 and 200?
100
What is the greatest common factor of 64 and 80?
16
Calculate the greatest common factor of 16 and 6.
2
Calculate the greatest common factor of 255 and 1360.
85
What is the highest common factor of 2052 and 180?
36
Calculate the greatest common divisor of 232 and 87.
29
Calculate the highest common divisor of 5440 and 85.
85
What is the greatest common divisor of 138 and 288?
6
Calculate the highest common divisor of 205 and 115.
5
What is the greatest common divisor of 5809 and 37?
37
What is the greatest common factor of 164 and 4?
4
What is the greatest common factor of 10857 and 231?
231
Calculate the greatest common factor of 500 and 1020.
20
What is the highest common factor of 24 and 32?
8
What is the highest common divisor of 1406 and 38?
38
Calculate the highest common divisor of 4536 and 21.
21
What is the greatest common factor of 395 and 237?
79
What is the greatest common factor of 49 and 5047?
49
Calculate the greatest common divisor of 253 and 4048.
253
Calculate the highest common factor of 544 and 32.
32
Calculate the highest common factor of 51 and 34.
17
Calculate the highest common factor of 138 and 7682.
46
Calculate the highest common factor of 45 and 65.
5
Calculate the greatest common factor of 156 and 23972.
52
Calculate the greatest common factor of 65 and 14105.
65
What is the highest common factor of 208 and 312?
104
Calculate the greatest common factor of 936 and 1664.
104
Calculate the greatest common factor of 26 and 481.
13
Calculate the greatest common divisor of 667 and 29.
29
What is the highest common factor of 4611 and 87?
87
What is the greatest common factor of 410 and 210?
10
What is the greatest common factor of 112 and 7868?
28
Calculate the highest common factor of 129 and 15.
3
Calculate the greatest common divisor of 10 and 10015.
5
Calculate the greatest common factor of 160 and 648.
8
What is the highest common divisor of 563 and 1?
1
Calculate the greatest common factor of 720 and 60.
60
Calculate the highest common factor of 134 and 67.
67
What is the highest common divisor of 120 and 9510?
30
Calculate the highest common factor of 95 and 24985.
95
What is the greatest common divisor of 22 and 88?
22
What is the highest common factor of 340 and 20?
20
Calculate the highest common divisor of 3 and 21.
3
What is the highest common factor of 308 and 532?
28
What is the greatest common factor of 336 and 861?
21
Calculate the highest common factor of 76 and 324.
4
Calculate the highest common divisor of 33 and 957.
33
What is the highest common factor of 4223 and 515?
103
Calculate the highest common divisor of 875 and 7.
7
What is the highest common divisor of 2125 and 595?
85
Calculate the greatest common factor of 20 and 12940.
20
What is the highest common factor of 12 and 1644?
12
Calculate the greatest common factor of 6039 and 99.
99
What is the highest common factor of 194 and 291?
97
Calculate the greatest common factor of 29 and 116.
29
Calculate the greatest common divisor of 983 and 3.
1
Calculate the highest common divisor of 135 and 15.
15
What is the greatest common factor of 317 and 634?
317
What is the greatest common factor of 26494 and 78?
26
Calculate the highest common factor of 287 and 123.
41
What is the greatest common factor of 224 and 98?
14
Calculate the greatest common factor of 465 and 720.
15
Calculate the highest common factor of 49 and 637.
49
Calculate the highest common divisor of 2274 and 18.
6
What is the greatest common factor of 6 and 1578?
6
Calculate the highest common divisor of 165 and 2520.
15
Calculate the highest common divisor of 64 and 80.
16
What is the highest common divisor of 105 and 63?
21
What is the greatest common divisor of 721 and 206?
103
Calculate the greatest common factor of 77 and 6391.
77
Calculate the greatest common factor of 105 and 195.
15
Calculate the highest common factor of 119 and 7616.
119
What is the greatest common factor of 504 and 120?
24
Calculate the highest common factor of 18 and 117.
9
What is the greatest common divisor of 1781 and 104?
13
Calculate the greatest common divisor of 711 and 2212.
79
Calculate the highest common factor of 114 and 133.
19
What is the greatest common factor of 12288 and 96?
96
What is the highest common factor of 837 and 93?
93
Calculate the greatest common factor of 814 and 74.
74
What is the greatest common factor of 273 and 42?
21
What is the highest common divisor of 42 and 894?
6
What is the greatest common factor of 176 and 64?
16
What is the highest common factor of 16 and 6?
2
Calculate the highest common factor of 3 and 33.
3
Calculate the highest common divisor of 7966 and 28.
14
Calculate the greatest common factor of 18 and 486.
18
Calculate the highest common divisor of 59 and 2891.
59
Calculate the highest common divisor of 13 and 4121.
13
What is the greatest common factor of 129 and 6?
3
What is the highest common divisor of 14 and 147?
7
What is the greatest common divisor of 27 and 612?
9
Calculate the greatest common divisor of 2337 and 627.
57
What is the greatest common divisor of 735 and 7?
7
What is the greatest common factor of 749 and 7?
7
Calculate the greatest common factor of 10 and 610.
10
What is the highest common divisor of 122 and 3538?
122
What is the highest common divisor of 9062 and 985?
197
Calculate the greatest common divisor of 107 and 749.
107
What is the highest common divisor of 368 and 3404?
92
What is the highest common factor of 230 and 5635?
115
Calculate the highest common factor of 19 and 1007.
19
Calculate the highest common divisor of 20 and 30.
10
Calculate the highest common divisor of 1560 and 180.
60
What is the greatest common divisor of 1508 and 156?
52
What is the greatest common divisor of 190 and 209?
19
What is the greatest common factor of 530 and 4346?
106
What is the highest common divisor of 517 and 55?
11
What is the highest common factor of 2136 and 216?
24
What is the highest common divisor of 1500 and 60?
60
What is the highest common divisor of 7440 and 124?
124
What is the highest common divisor of 704 and 55?
11
What is the highest common divisor of 306 and 2346?
102
What is the highest common factor of 48 and 1032?
24
Calculate the greatest common factor of 7 and 63.
7
Calculate the highest common divisor of 423 and 9.
9
Calculate the highest common factor of 88 and 10076.
44
What is the highest common divisor of 249 and 21?
3
What is the highest common divisor of 20 and 500?
20
Calculate the highest common factor of 62 and 279.
31
Calculate the highest common divisor of 880 and 80.
80
What is the greatest common factor of 516 and 17716?
172
What is the highest common factor of 3700 and 148?
148
Calculate the greatest common factor of 32 and 8.
8
Calculate the highest common divisor of 405 and 135.
135
What is the highest common divisor of 18 and 1143?
9
Calculate the greatest common factor of 902 and 369.
41
What is the highest common divisor of 7379 and 157?
157
What is the greatest common factor of 15 and 195?
15
What is the greatest common factor of 30 and 18?
6
Calculate the greatest common factor of 23296 and 2048.
256
What is the greatest common divisor of 51264 and 144?
144
Calculate the greatest common divisor of 437 and 23.
23
Calculate the highest common factor of 76 and 855.
19
Calculate the greatest common divisor of 18 and 855.
9
Calculate the greatest common divisor of 3 and 29.
1
What is the highest common factor of 986 and 442?
34
Calculate the greatest common divisor of 50 and 725.
25
What is the highest common factor of 20 and 745?
5
What is the greatest common factor of 220 and 100?
20
What is the highest common factor of 221 and 403?
13
Calculate the highest common factor of 102 and 1462.
34
Calculate the greatest common factor of 32 and 784.
16
Calculate the greatest common 